{"id":2924,"date":"2023-07-12T06:57:53","date_gmt":"2023-07-12T06:57:53","guid":{"rendered":"https:\/\/wordpressthemes.live\/WCG1\/WCM13_megashop\/demo1\/?page_id=2924"},"modified":"2024-01-08T17:58:24","modified_gmt":"2024-01-08T16:58:24","slug":"about-us","status":"publish","type":"page","link":"https:\/\/jolly-shirley.212-227-211-20.plesk.page\/index.php\/about-us\/","title":{"rendered":"About us"},"content":{"rendered":"<style>\/*! elementor - v3.18.0 - 20-12-2023 *\/\n.elementor-widget-image{text-align:center}.elementor-widget-image a{display:inline-block}.elementor-widget-image a img[src$=\".svg\"]{width:48px}.elementor-widget-image img{vertical-align:middle;display:inline-block}<\/style>\n<p>\t\t\t\t\t\t\t\t\t\t\t\t<img loading=\"lazy\" decoding=\"async\" width=\"476\" height=\"476\" src=\"https:\/\/jolly-shirley.212-227-211-20.plesk.page\/wp-content\/uploads\/2024\/01\/271999329_1543975742631623_8511539582987137117_n.jpg\" alt=\"\" srcset=\"https:\/\/jolly-shirley.212-227-211-20.plesk.page\/wp-content\/uploads\/2024\/01\/271999329_1543975742631623_8511539582987137117_n.jpg 476w, https:\/\/jolly-shirley.212-227-211-20.plesk.page\/wp-content\/uploads\/2024\/01\/271999329_1543975742631623_8511539582987137117_n-300x300.jpg 300w, https:\/\/jolly-shirley.212-227-211-20.plesk.page\/wp-content\/uploads\/2024\/01\/271999329_1543975742631623_8511539582987137117_n-150x150.jpg 150w, https:\/\/jolly-shirley.212-227-211-20.plesk.page\/wp-content\/uploads\/2024\/01\/271999329_1543975742631623_8511539582987137117_n-100x100.jpg 100w, https:\/\/jolly-shirley.212-227-211-20.plesk.page\/wp-content\/uploads\/2024\/01\/271999329_1543975742631623_8511539582987137117_n-96x96.jpg 96w, https:\/\/jolly-shirley.212-227-211-20.plesk.page\/wp-content\/uploads\/2024\/01\/271999329_1543975742631623_8511539582987137117_n-460x460.jpg 460w\" sizes=\"auto, (max-width: 476px) 100vw, 476px\" \/>\t\t\t\t\t\t\t\t\t\t\t\t\t\t\t<\/p>\n<p>Nous aspirons devenir l\u2019institution camerounaise la plus cr\u00e9dible en instaurant des standards de classe mondiale avec nos clients, nos partenaires et nos employ\u00e9s en ce qui concerne le business et la satisfaction client. En agissant ainsi, nous voulons non seulement contribuer \u00e0 la croissance et au d\u00e9veloppement de l\u2019\u00e9conomie et de la soci\u00e9t\u00e9 camerounaise, mais \u00e9galement tout servir d\u2019exemple aux autres.<\/p>\n<p>Qui sommes-nous :<br \/>Cr\u00e9\u00e9 en 2019 qui a connu son lancement officiel en mai 2021, Easy shopping est le site e-commerce N\u00b0 1 au Cameroun dont l\u2019objectif et la vision sont de fournir le plus large assortiment au meilleur prix pour tous les Camerounais.<\/p>\n<p>Le site web easyshopping.com est incontestablement la premi\u00e8re destination d\u2019achat en ligne au Cameroun, avec une large gamme de produits diversifi\u00e9s et quelques produits dans un domaine bien sp\u00e9cifique tel l\u2019informatique et l\u2019\u00e9lectronique.<\/p>\n<p>Easy shopping fait partie du Top 10 des sites les plus visit\u00e9s au Cameroun.<\/p>\n<p>Le d\u00e9lai de livraison moyen est de 1 \u00e0 2 jours.<\/p>\n<p>Easy shopping propose une qualit\u00e9 de services adapt\u00e9s au e-commerce au Cameroun : livraison dans tout le pays, m\u00e9thodes de paiement flexibles (paiement en cash \u00e0 la livraison, par moyen \u00e9lectronique) et retours gratuits sous un d\u00e9lai de 7 jours.<\/p>\n<style>\/*! elementor - v3.18.0 - 20-12-2023 *\/\n.elementor-heading-title{padding:0;margin:0;line-height:1}.elementor-widget-heading .elementor-heading-title[class*=elementor-size-]>a{color:inherit;font-size:inherit;line-height:inherit}.elementor-widget-heading .elementor-heading-title.elementor-size-small{font-size:15px}.elementor-widget-heading .elementor-heading-title.elementor-size-medium{font-size:19px}.elementor-widget-heading .elementor-heading-title.elementor-size-large{font-size:29px}.elementor-widget-heading .elementor-heading-title.elementor-size-xl{font-size:39px}.elementor-widget-heading .elementor-heading-title.elementor-size-xxl{font-size:59px}<\/style>\n<h2>MARQUES PARTENAIRES<\/h2>\n<style>\/*! elementor - v3.18.0 - 20-12-2023 *\/\n.elementor-widget-image-carousel .swiper,.elementor-widget-image-carousel .swiper-container{position:static}.elementor-widget-image-carousel .swiper-container .swiper-slide figure,.elementor-widget-image-carousel .swiper .swiper-slide figure{line-height:inherit}.elementor-widget-image-carousel .swiper-slide{text-align:center}.elementor-image-carousel-wrapper:not(.swiper-container-initialized):not(.swiper-initialized) .swiper-slide{max-width:calc(100% \/ var(--e-image-carousel-slides-to-show, 3))}<\/style>\n<figure><img decoding=\"async\" src=\"https:\/\/jolly-shirley.212-227-211-20.plesk.page\/wp-content\/uploads\/2024\/01\/f.jpg\" alt=\"f\" \/><\/figure>\n<figure><img decoding=\"async\" src=\"https:\/\/jolly-shirley.212-227-211-20.plesk.page\/wp-content\/uploads\/2024\/01\/fd.jpg\" alt=\"fd\" \/><\/figure>\n<figure><img decoding=\"async\" src=\"https:\/\/jolly-shirley.212-227-211-20.plesk.page\/wp-content\/uploads\/2024\/01\/fgfgb.jpg\" alt=\"fgfgb\" \/><\/figure>\n<figure><img decoding=\"async\" src=\"https:\/\/jolly-shirley.212-227-211-20.plesk.page\/wp-content\/uploads\/2024\/01\/fgh.jpg\" alt=\"fgh\" \/><\/figure>\n<figure><img decoding=\"async\" src=\"https:\/\/jolly-shirley.212-227-211-20.plesk.page\/wp-content\/uploads\/2024\/01\/fjhg.jpg\" alt=\"fjhg\" \/><\/figure>\n<figure><img decoding=\"async\" src=\"https:\/\/jolly-shirley.212-227-211-20.plesk.page\/wp-content\/uploads\/2024\/01\/gb.jpg\" alt=\"gb\" \/><\/figure>\n<figure><img decoding=\"async\" src=\"https:\/\/jolly-shirley.212-227-211-20.plesk.page\/wp-content\/uploads\/2024\/01\/jgh.jpg\" alt=\"jgh\" \/><\/figure>\n<figure><img decoding=\"async\" src=\"https:\/\/jolly-shirley.212-227-211-20.plesk.page\/wp-content\/uploads\/2024\/01\/jhhg.jpg\" alt=\"jhhg\" \/><\/figure>\n<figure><img decoding=\"async\" src=\"https:\/\/jolly-shirley.212-227-211-20.plesk.page\/wp-content\/uploads\/2024\/01\/k.jpg\" alt=\"k\" \/><\/figure>\n<figure><img decoding=\"async\" src=\"https:\/\/jolly-shirley.212-227-211-20.plesk.page\/wp-content\/uploads\/2024\/01\/kk.jpg\" alt=\"kk\" \/><\/figure>\n<figure><img decoding=\"async\" src=\"https:\/\/jolly-shirley.212-227-211-20.plesk.page\/wp-content\/uploads\/2024\/01\/logo1.jpg\" alt=\"logo1\" \/><\/figure>\n<figure><img decoding=\"async\" src=\"https:\/\/jolly-shirley.212-227-211-20.plesk.page\/wp-content\/uploads\/2024\/01\/vf.jpg\" alt=\"vf\" \/><\/figure>\n<p>\t\t\t\t\t\t<svg aria-hidden=\"true\" viewBox=\"0 0 1000 1000\" xmlns=\"http:\/\/www.w3.org\/2000\/svg\"><path d=\"M646 125C629 125 613 133 604 142L308 442C296 454 292 471 292 487 292 504 296 521 308 533L604 854C617 867 629 875 646 875 663 875 679 871 692 858 704 846 713 829 713 812 713 796 708 779 692 767L438 487 692 225C700 217 708 204 708 187 708 171 704 154 692 142 675 129 663 125 646 125Z\"><\/path><\/svg><br \/>\n\t\t\t\t\t\t<svg aria-hidden=\"true\" viewBox=\"0 0 1000 1000\" xmlns=\"http:\/\/www.w3.org\/2000\/svg\"><path d=\"M696 533C708 521 713 504 713 487 713 471 708 454 696 446L400 146C388 133 375 125 354 125 338 125 325 129 313 142 300 154 292 171 292 187 292 204 296 221 308 233L563 492 304 771C292 783 288 800 288 817 288 833 296 850 308 863 321 871 338 875 354 875 371 875 388 867 400 854L696 533Z\"><\/path><\/svg>\t\t\t\t\t<\/p>\n<style>\/*! elementor - v3.18.0 - 20-12-2023 *\/\n.elementor-widget-google_maps .elementor-widget-container{overflow:hidden}.elementor-widget-google_maps .elementor-custom-embed{line-height:0}.elementor-widget-google_maps iframe{height:300px}<\/style>\n<p>\t\t\t<iframe loading=\"lazy\"\n\t\t\t\t\tsrc=\"https:\/\/maps.google.com\/maps?q=rue%20castelnau%20%2C%20akwa&#038;t=m&#038;z=10&#038;output=embed&#038;iwloc=near\"\n\t\t\t\t\ttitle=\"rue castelnau , akwa\"\n\t\t\t\t\taria-label=\"rue castelnau , akwa\"\n\t\t\t><\/iframe><\/p>\n<style>\/*! elementor - v3.18.0 - 20-12-2023 *\/\n.elementor-counter .elementor-counter-number-wrapper{display:flex;font-size:69px;font-weight:600;line-height:1}.elementor-counter .elementor-counter-number-prefix,.elementor-counter .elementor-counter-number-suffix{flex-grow:1;white-space:pre-wrap}.elementor-counter .elementor-counter-number-prefix{text-align:right}.elementor-counter .elementor-counter-number-suffix{text-align:left}.elementor-counter .elementor-counter-title{text-align:center;font-size:19px;font-weight:400;line-height:2.5}<\/style>\n<p>\t\t\t\t0<br \/>\n\t\t\t\t%<br \/>\n\t\t\t\t\t\t\tSatisfaction clients<br \/>\n\t\t\t\t0<br \/>\n\t\t\t\t+<br \/>\n\t\t\t\t\t\t\tEmployee<br \/>\n\t\t\t\t0<br \/>\n\t\t\t\t\t\t\tTemps de travail<br \/>\n\t\t\t\t0<br \/>\n\t\t\t\t+<br \/>\n\t\t\t\t\t\t\tNombre de recommandation<\/p>\n","protected":false},"excerpt":{"rendered":"<p>Nous aspirons devenir l\u2019institution camerounaise la plus cr\u00e9dible en instaurant des standards de classe mondiale avec nos clients, nos partenaires et nos employ\u00e9s en ce qui concerne le business et la satisfaction client. En agissant ainsi, nous voulons non seulement contribuer \u00e0 la croissance et au d\u00e9veloppement de l\u2019\u00e9conomie et de la soci\u00e9t\u00e9 camerounaise, mais&#8230;<\/p>\n","protected":false},"author":1,"featured_media":0,"parent":0,"menu_order":0,"comment_status":"closed","ping_status":"closed","template":"","meta":{"_bst_post_transparent":"","_bst_post_title":"default","_bst_post_layout":"default","_bst_post_sidebar_id":"","_bst_post_content_style":"default","_bst_post_vertical_padding":"default","_bst_post_feature":"hide","_bst_post_feature_position":"","_bst_post_header":false,"_bst_post_footer":false,"footnotes":""},"class_list":["post-2924","page","type-page","status-publish","hentry"],"_links":{"self":[{"href":"https:\/\/jolly-shirley.212-227-211-20.plesk.page\/index.php\/wp-json\/wp\/v2\/pages\/2924","targetHints":{"allow":["GET"]}}],"collection":[{"href":"https:\/\/jolly-shirley.212-227-211-20.plesk.page\/index.php\/wp-json\/wp\/v2\/pages"}],"about":[{"href":"https:\/\/jolly-shirley.212-227-211-20.plesk.page\/index.php\/wp-json\/wp\/v2\/types\/page"}],"author":[{"embeddable":true,"href":"https:\/\/jolly-shirley.212-227-211-20.plesk.page\/index.php\/wp-json\/wp\/v2\/users\/1"}],"replies":[{"embeddable":true,"href":"https:\/\/jolly-shirley.212-227-211-20.plesk.page\/index.php\/wp-json\/wp\/v2\/comments?post=2924"}],"version-history":[{"count":40,"href":"https:\/\/jolly-shirley.212-227-211-20.plesk.page\/index.php\/wp-json\/wp\/v2\/pages\/2924\/revisions"}],"predecessor-version":[{"id":4320,"href":"https:\/\/jolly-shirley.212-227-211-20.plesk.page\/index.php\/wp-json\/wp\/v2\/pages\/2924\/revisions\/4320"}],"wp:attachment":[{"href":"https:\/\/jolly-shirley.212-227-211-20.plesk.page\/index.php\/wp-json\/wp\/v2\/media?parent=2924"}],"curies":[{"name":"wp","href":"https:\/\/api.w.org\/{rel}","templated":true}]}}